e prime factors of (11 + 18759/52)*1*4?
1487
Let f(h) be the second derivative of 3*h**3 + 27*h**2/2 - 2*h - 27. What are the prime factors of f(12)?
3
Let b(c) = -6*c**3 - 10*c**2 - 27*c - 13. List the prime factors of b(-5).
2, 311
Let q be (-302)/4 - (-1)/2. Let i be 2 - -1*q/(-3). Suppose 4*w - 179 = -i. What are the prime factors of w?
2, 19
Suppose 4*g - 3*n - 72 = -0*n, -4*g + 48 = 3*n. Suppose 0 = 4*d + d - g. What are the prime factors of d?
3
Let j(u) = 305*u - 318. What are the prime factors of j(18)?
2, 3, 431
Suppose 0 = -9*f + 400 + 959. Let l = f - 62. List the prime factors of l.
89
Suppose -4*y + 8 = -2*y. Let l(v) = -5 + 0*v - 2*v**2 + y*v**2 + 2*v + 1. What are the prime factors of l(-4)?
2, 5
Suppose -2*i - 2*p = p - 23, -i + 4*p = -17. What are the prime factors of i?
13
Let v(s) = s**3 + 6*s**2 + 5*s + 7. Suppose 4*w + 17 = -3. Let y be v(w). Suppose 0 = -y*c + 3*c + 56. List the prime factors of c.
2, 7
Let q(s) = -79*s + 0 + 87*s + 10*s**2 + 1. What are the prime factors of q(-5)?
211
Let x(y) = -y**3 + 16*y**2 - 14*y - 7. Let j be x(15). Suppose -j = c - 131. List the prime factors of c.
3, 41
Let q be (-4)/(12/105) - -3. Let h = 84 + q. List the prime factors of h.
2, 13
Let r(f) = -f**3 - 2*f**2 + 3*f + 4. Let m be r(-3). Suppose m*z = -2*g + 50 + 84, 20 = -5*z. List the prime factors of g.
3, 5
Let p(b) = b**3 + 5*b**2 - 3*b + 6. Suppose -5*w + 6*w + 3*l + 15 = 0, 3*l + 15 = -5*w. Suppose 4*v = -20 - w. What are the prime factors of p(v)?
3, 7
Let f(c) = -64*c**3 + c**2 - 3*c + 2. Let j be f(1). Let z = j - -94. What are the prime factors of z?
2, 3, 5
Let a(p) = -79*p**2 + 2*p + 1. Let m(o) = 159*o**2 - 4*o - 1. Let i(w) = 5*a(w) + 3*m(w). What are the prime factors of i(1)?
2, 41
Let z(t) = t**3 - 13*t**2 + t - 7. Let h be z(13). List the prime factors of (-5)/(-30) + 773/h.
3, 43
Let q(c) = -c**3 + 7*c**2 + 10. Let m be q(7). Suppose -m*j + 7*j + 117 = 0. What are the prime factors of j?
3, 13
Let x be 3/((-2 + (-52)/(-32))*-2). Suppose -2*s = -k + 13, -x*k + 52 = 2*s - 4*s. What are the prime factors of k?
13
Let r be -3 + 2/((-2)/(-245)). Suppose a + 36 = -j + 98, 4*a - r = 2*j. List the prime factors of a.
61
Suppose -902 - 18 = -3*a + p, 3*a + 2*p = 905. Suppose 1529 = 6*l + a. List the prime factors of l.
2, 3, 17
List the prime factors of 6/(3/4452*12).
2, 7, 53
Suppose -8*l = -2*l - 120. What are the prime factors of ((-48)/l)/(2 - (-63)/(-30))?
2, 3
Let b = 5765 + -3932. List the prime factors of b.
3, 13, 47
Let h = -72 + 118. List the prime factors of h.
2, 23
What are the prime factors of -7*11/2*(-376)/329?
2, 11
Let p be (-8)/(-10)*(-60)/(-24). Let z = 13 + p. What are the prime factors of z?
3, 5
Suppose 0 = 19*o - 14*o. Suppose -2*x + 5*q - 17 = 0, o*x + 5*x = 4*q. Suppose -99 = -x*w + w. What are the prime factors of w?
3, 11
Let j(h) = h + 76. List the prime factors of j(13).
89
Let x(k) = -5*k + 2 - 6 + 9*k + 9*k. Let s be x(-3). Let q = -6 - s. What are the prime factors of q?
37
Suppose 1 = 2*f - 37. Let j be -1 + 2 + f - 1. Suppose x = 15 + j. List the prime factors of x.
2, 17
Suppose -3*u = -4*v - 68, 0*u + v + 80 = 3*u. Suppose 0 = -5*b - 4*d + 49, -7 = -4*b + d + u. List the prime factors of b.
3
Suppose 530*i = 542*i - 26316. List the prime factors of i.
3, 17, 43
Let c(q) = 59*q - 83. What are the prime factors of c(3)?
2, 47
Suppose 4*c - 6*c = 0. Suppose c*w - 12375 = 5*w. What are the prime factors of ((-2)/3)/(30/w)?
5, 11
Let m be 12/(5 - 3 - 0). Let a(c) = 13 + c**2 - 5 - 3*c + 2*c - m*c. What are the prime factors of a(6)?
2
Let g(p) = p**3 + 17*p**2 - 29*p. What are the prime factors of g(-15)?
3, 5, 59
Let q be 3 + -4 - 1*-16. Suppose 2*b - 98 = 16*b. Let j = q - b. List the prime factors of j.
2, 11
Let x(k) = 3*k**2 + 19*k - 99. List the prime factors of x(9).
3, 5, 7
Suppose -12*l = -6349 - 3203. What are the prime factors of l?
2, 199
Suppose -264*p + 1758 = -258*p. What are the prime factors of p?
293
Let c(m) = 8*m + 2. Let h(i) = 15*i + 3. Let j(u) = -5*c(u) + 3*h(u). List the prime factors of j(10).
7
Let h(w) = -2*w + 22. Let t be h(10). Let y(o) = 6*o**3 - o**2 - 2*o - 2. What are the prime factors of y(t)?
2, 19
Let l be ((0/(-2))/(4 + -1))/2. Suppose l = 39*b - 34*b - 40. What are the prime factors of b?
2
Let v(r) = -3*r - 28. Let h be v(-8). List the prime factors of 25 - (-5 + (-8)/h).
2, 7
Let x(u) = u + 17. Suppose 2*m + 0*m = 12. Let a be (-3 + -1)/4 - m. What are the prime factors of x(a)?
2, 5
Let c(z) = 44*z**2 - 3*z + 5. List the prime factors of c(2).
5, 7
Suppose z + 6613 = 4*z - 2*w, 0 = 2*z - 5*w - 4394. List the prime factors of z.
2207
Suppose 5*q = -9 + 29. Suppose 4*a - 1 = 4*h - 21, a + 5 = -q*h. What are the prime factors of 8*((-25)/2)/a?
2, 5
Suppose -4*i - 51 = m - 198, -5*m + 3*i + 735 = 0. What are the prime factors of m?
3, 7
Suppose -4*g + y + 5667 = 0, -3*g + 3*y + 2809 = -1439. What are the prime factors of g?
13, 109
Let s(j) = 22*j**2 - 3*j + 7. List the prime factors of s(2).
89
Let r be (0 - -4)*(-4)/(-2). Suppose 0 = -5*s + r + 7. Suppose 4*y - 23 = -6*l + s*l, 2*l + y - 17 = 0. What are the prime factors of l?
3
Suppose -6*k + 8*k - 127 = z, -4*z = k - 77. What are the prime factors of k?
5, 13
Let u(j) = -3*j**2 - 62*j - 21. What are the prime factors of u(-10)?
13, 23
Let z = 14 + 17. Suppose -3*n = -4*f + 5, z = 4*n + 5*f - 14. Suppose -n*r - 7 = -32. List the prime factors of r.
5
Let a(h) be the second derivative of 17*h**3/3 + h**2/2 - 10*h + 3. List the prime factors of a(5).
3, 19
Let d = -315 - -322. Suppose f - 4*v + 0*v - 20 = 0, -2*v = 5*f - 166. Suppose -d*n + f = -3*n. What are the prime factors of n?
2
Suppose 0 = 13*r - 2*r - 16456. What are the prime factors of r?
2, 11, 17
Let f(h) = 21*h**2 - 39*h + 267. List the prime factors of f(12).
3, 941
Suppose 0 = -10*c + 3068 - 88. List the prime factors of c.
2, 149
Let q be (287 - 19)*2/8. Suppose -q - 71 = -3*f. List the prime factors of f.
2, 23
Suppose 2*l - 6 = 2. Suppose 2*f + f + z - 123 = 0, -164 = -l*f - 3*z. List the prime factors of f.
41
Let q(z) = 6*z - 15. Let v = 3 + -5. Let u be 16/(-20)*15/v. What are the prime factors of q(u)?
3, 7
Suppose 2*s + 3*j = s + 181, -4*s = 5*j - 703. Suppose t + 3*t = s. List the prime factors of t.
43
Let n(r) = 110*r - 56. List the prime factors of n(5).
2, 13, 19
Let t be (-12)/16*8/(-3). List the prime factors of -3 + t - (-4 - 1).
2
Let u(n) = 5*n - 3. Suppose 3*q - c = -10, 4*q - 2*c + 16 = 2. Let f = 7 + q. List the prime factors of u(f).
17
Suppose 10*n = 7*n - 2*r + 151, 3*r = -2*n + 94. List the prime factors of n.
53
Let s(y) = 2*y - 30. Let v be s(16). Suppose -v*z = -0*z - 118. What are the prime factors of z?
59
Let t = -200 - -243. List the prime factors of t.
43
Suppose 0 = 4*z + u - 7372, 7*u = -z + 1358 + 485. List the prime factors of z.
19, 97
Let x be 147 + -3 + (5 - 0). Let a = -225 + x. Let i = 108 + a. What are the prime factors of i?
2
Let y(z) = 60*z**2 + 21*z + 8. What are the prime factors of y(-6)?
2, 1021
Suppose -4*l + 198 = 2*j, 4*j - 243 = -0*l - 5*l. Let d = 49 + -24. Let w = l - d. List the prime factors of w.
2, 13
Let y(m) be the second derivative of m**3/6 + 47*m**2/2 - 11*m. List the prime factors of y(0).
47
Let d(u) = -u**2 - 12*u - 12. Let s be d(-5). Let f be (2 - 1) + s + -24. Suppose 4*g - 5*m - 95 = -g, f = -2*g - 2*m + 50. What are the prime factors of g?
2, 11
Let j(f) be the first derivative of -f**2/2 - f + 3. Let c be j(-4). Suppose 0*p + c*p = 15. What are the prime factors of p?
5
Let b be (-14)/(-77) - (-40)/22. Suppose -4*x = b*q + 26, 5*q + 13 = -x - 7. What are the prime factors of (-2)/q*1845/30?
41
Suppose -4*c = i + 20, 4*i - c - 2*c - 15 = 0. Suppose -16*b + 18*b - 104 = i. What are the prime factors of b?
2, 13
List the prime factors of 360 + 120/(1 - 13).
2, 5, 7
List the prime factors of -7 + ((-231)/(-33) - 55*-34).
2, 5, 11, 17
Suppose -h = 2*i + 436, -3*h + 1012 = -3*i + 349. Let j = i + 429. What are the prime factors of j?
2, 3, 5, 7
Suppose 4*v - 14 = 22. Suppose -3*o + v = 3. Suppose -3*w + 31 = -3*n - 26, 5*n + 38 = o*w. What are the prime factors of w?
19
Suppose 5*x - 3*k = -k + 10, 37 = 3*x + 5*k. Let v be ((-4)/(-2) + 0)*-1. List the prime facto